a. What is the units digit of h?
3
Suppose x = o + 990, 0 = 37*x - 38*x - 4*o + 990. What is the units digit of x?
0
Let n be 1 - 1 - (-6 + 0). Let s(c) = 2*c + 22. Let f be s(-10). What is the units digit of 75/n*f - 2?
3
What is the tens digit of ((-8)/(-6))/((-22)/(-15774))?
5
Let j be 1/2 + (-55)/(-22). Suppose t + 4 = j*b - 2, -4*b + t + 9 = 0. Suppose -5*s = -4*q + 78, -5*s + 88 - 12 = b*q. What is the units digit of q?
2
Let s(q) be the third derivative of -q**5/60 - 2*q**4/3 - 8*q**3/3 + 5*q**2 + 1. What is the tens digit of s(-11)?
3
Let s = -109 - -33. Let h = 116 + s. What is the tens digit of h?
4
Suppose 0*b - 5*b = 2*f + 21, -5*f - 2*b = 0. Suppose 0 = -2*r + 4*n - 24, -f*r + 6 = -3*r - n. Let u = r - -17. What is the units digit of u?
9
Let t(a) = -20*a + 73. What is the units digit of t(-9)?
3
Let x(p) = 26*p**2 + 5 - 4 - 25*p**2 - 13*p + 2. What is the tens digit of x(-4)?
7
Suppose 2*g - 5*p = -8*p + 2856, 0 = -2*g + 4*p + 2884. What is the thousands digit of g?
1
Let h = -156 + 111. Let d = 126 - h. What is the tens digit of d?
7
What is the hundreds digit of 0 - (-5)/(25/11080)?
2
Suppose -6*z + 2*z = 5*b - 3008, -b = z - 602. What is the units digit of b?
0
Let l(n) = 1410*n**3 + n**2 + 3*n - 5. What is the units digit of l(1)?
9
Let x = 48 - 37. Let h(z) = -11*z**3 + 28*z**2 - 45*z + 7. Let q(t) = 7*t**3 - 19*t**2 + 30*t - 5. Let k(y) = 5*h(y) + 8*q(y). What is the units digit of k(x)?
9
Let d(j) be the first derivative of j**3 - j**2 - 3*j + 2. Let p be d(5). Suppose 2*c + 4*v = p, 2*c + c - 2*v - 61 = 0. What is the tens digit of c?
2
Let q(r) = -r**3 - r**2 + 38. Let d be 4/14 - 8/28. What is the tens digit of q(d)?
3
Suppose 2*n + b = 5*n + 7, 0 = 2*n + 5*b + 33. What is the hundreds digit of (-393)/(1 + n) - 2?
1
What is the hundreds digit of -1724*(6 + (2 - 7) - 2)?
7
Let r(g) be the second derivative of 13*g**4/12 - g**2/2 + 16*g. Suppose 0 = -5*w - 5. What is the tens digit of r(w)?
1
What is the units digit of (-4814054)/(-1470) + (-4)/(-30)?
5
Suppose 2*l = -3*l + s + 589, s - 473 = -4*l. What is the tens digit of l?
1
Let m(l) = -l**3 - 8*l**2 + 9*l - 2. Let s be m(-9). What is the units digit of 5/5*(s - -33)?
1
Let l be 36/9 + (-1 - 3). Suppose 3*t - 57 + 15 = l. What is the tens digit of t?
1
Let x(y) = 3*y**2 + 2*y + 40. What is the hundreds digit of x(12)?
4
Suppose -c + 0*c = 89. Let q = -46 - c. What is the units digit of q?
3
Let d(h) = -21*h**3 - 2*h**2 + 3. Let n(j) = -1. Let k(o) = d(o) + 2*n(o). Suppose -3 = 5*u + 2. What is the tens digit of k(u)?
2
Let s(r) = 2*r + 4. Let p be s(7). Suppose m - 2*w + p = 0, 0 = -2*m - 4*w - 0*w - 12. Let c = 11 - m. What is the units digit of c?
3
Let w be (-4)/((8/10)/((-22)/(-55))). Suppose -7*r + 2*r + 45 = -5*k, -k - 3*r + 3 = 0. What is the units digit of ((-1)/w)/(-1)*k?
3
Let h = 1353 + -1074. What is the hundreds digit of h?
2
Suppose 410 = 4*l + l. Let t = 46 - l. Let w = -21 - t. What is the units digit of w?
5
Let h(v) = -40*v**2 + 3*v + 3. Let q be h(4). Let n be (-1)/(-4) - q/(-20). Let l = 52 + n. What is the units digit of l?
1
Let p = -62 + 70. Suppose -p*x = 4*x - 2112. What is the hundreds digit of x?
1
Suppose -5*c - s + 11 + 4 = 0, -s = -3*c + 9. Suppose c*l = -2*l. Let p = 22 - l. What is the units digit of p?
2
Let q be 68/6 + 4/(-3). Suppose 1 = f - q. Suppose -6*h - 100 = -f*h. What is the tens digit of h?
2
Let y(f) = -f + 9. Let g be ((-3)/6)/((-2)/20). What is the units digit of y(g)?
4
What is the thousands digit of (4*(-9)/12)/((-9)/7374)?
2
Suppose 4*z - 45 = 35. Suppose -10*a + z = -5*a. What is the units digit of a?
4
Let d(h) be the third derivative of 5*h**4/4 + 2*h**3/3 - 3*h**2. What is the tens digit of d(2)?
6
Let i(k) = -3*k + 12. Let c be i(-8). Let g = c + -10. What is the tens digit of g?
2
Let j = 6 + -6. Suppose 4*i + 52 = -2*r, j*i + 56 = -4*i - r. What is the units digit of (-320)/i + 2/(-6)?
1
Let j(a) = a**3 - 2*a**2 - a - 6. Let l be j(3). What is the tens digit of 944/(-24)*(l + -3)*1?
1
Suppose 21*q - 15 = 36*q. Let v(k) = -262*k**3 - 3*k**2 - 3*k - 1. What is the hundreds digit of v(q)?
2
Let g = 55 + -79. Let p = g - -6. What is the units digit of 1*-3 + (-10 - p)?
5
Suppose -12*o = -11*o - 3. Suppose o*a + 14 = 296. What is the tens digit of a?
9
Suppose 46852 = 6*i - 5*i. What is the tens digit of i/234 - ((-4)/(-18))/1?
0
Suppose 141 = 4*l - 435. What is the tens digit of l?
4
What is the hundreds digit of (-4)/(-26) + (-218288)/(-728)?
3
Suppose -2*j = 2*o - 14, -5*o - j + 2*j + 17 = 0. What is the tens digit of 66*o/(6 + 2)?
3
Suppose 4 - 16 = -w. Let c(i) be the second derivative of i**5/20 - 11*i**4/12 - 13*i**3/6 + 7*i**2 + 19*i. What is the units digit of c(w)?
2
Let x = 184 + 68. What is the hundreds digit of x?
2
Suppose -4*z = 9 + 11. Let c = 17 + z. Let i(v) = 3*v + 1. What is the tens digit of i(c)?
3
Suppose -7*i + 11*i = -2*h, 12 = 4*h + 4*i. Let v(s) be the second derivative of s**4/12 - s**3/2 + 5*s**2/2 + s. What is the tens digit of v(h)?
2
Suppose 0 = -4*f + f + 9. Suppose 1 + 11 = f*l. What is the units digit of (8/5)/(l/10)?
4
Let t be 164/14 + (-16)/(-56). Suppose 5*k - 2*z = -0*k + 8, t = -3*z. Suppose k*q - 4*q = -108. What is the tens digit of q?
2
Let d = 580 - 320. Suppose s + 5*i = -d, 3*s = s - i - 538. What is the tens digit of ((-4)/6)/(9/s)?
2
Suppose -5*d - 5*i = -15, 5*d - 15 = i + 4*i. Suppose 0 = d*j + 3*j - 96. What is the units digit of j + (-1 - -4 - 2)?
7
Suppose 2*k = -3*k + 30. Let t be (-27)/k*(-2 + -4). Suppose m + 5 = t. What is the units digit of m?
2
Let l(j) = -4*j**2 - 2*j + 2. Let q be l(-2). Let h(y) = -2*y - y**3 + 0*y**2 - 10*y**2 - 6 - 2*y. What is the tens digit of h(q)?
3
Let r(p) = 12 - 5*p - 16 + 59*p**2 + 46*p**2. What is the tens digit of r(-1)?
0
Let s = 114 - 74. Let w(b) = -b**3 - 3*b**2 + b + 6. Let h be w(-3). Suppose -s = o - h*o. What is the units digit of o?
0
Suppose -59 = 2*b - 3*b. Let c = b + -39. What is the tens digit of c?
2
What is the hundreds digit of 32/448 - 34887/(-14)?
4
Let g(m) = 15*m + 6. Suppose -3 = 15*q - 14*q. Let l(f) = -14*f - 6. Let d(a) = q*l(a) - 4*g(a). What is the units digit of d(-3)?
8
Let k = -69 - -113. Suppose -k - 49 = -3*r. What is the units digit of r?
1
Let q be 159/(-18) - (-2)/(-12). What is the units digit of (-575)/(-15) - 6/q?
9
Suppose 5*o = 4*v - 1323 - 1154, -o - 1237 = -2*v. What is the tens digit of v?
1
Let b be (-2)/(-4)*-2 - -7. Suppose -27 = -13*d + 77. Suppose b + d = f. What is the units digit of f?
4
Let t(c) = -c**2 + 11*c + 12. Let y be t(14). Let m be (y/(-4))/(-5)*-4. Suppose -m*s + 72 = -4*s - 5*v, -s + 2*v = -38. What is the units digit of s?
6
Let z(o) = 10*o**2 - 2*o - 3. Let m be (6 - 8)/(2/(-3)). What is the tens digit of z(m)?
8
Let w be (-58)/8 - (-1)/4. Let c(m) = -m**2 - 7*m + 2. Let t be c(w). Let f(g) = g**3 - g**2 + 1. What is the units digit of f(t)?
5
Suppose 0 = -3*v, -126 = -2*a - v - 22. Suppose 3*k - a = 32. Suppose 3*i - i = k. What is the units digit of i?
4
Suppose 4*x = 3*x - 169. Suppose -555 = 7*h - 2*h. Let k = h - x. What is the units digit of k?
8
Let f(g) = 2*g**2 + g - 2. Let x be f(-2). Suppose -2*h = -s + 13, -3*s = s - x*h - 32. Suppose 10 = 2*p + s*p. What is the units digit of p?
2
Suppose 4*u = -4*h - 0 + 4, -3*h = 5*u - 11. Suppose -x + u*x - 5 = 2*r, 4*x - 40 = -4*r. What is the units digit of 12/20 - (-22)/r?
5
Let h = 27 + -47. Let r(t) = -t**3 - 19*t**2 + 17*t - 12. What is the units digit of r(h)?
8
Let f(a) = a**2 + 13*a - 117. What is the tens digit of f(-22)?
8
Let i(q) = -9*q - 138. What is the units digit of i(-26)?
6
Let b = -6 + 2. Let v(p) = 278 + 7*p**2 - 6*p**2 - 272. What is the tens digit of v(b)?
2
Suppose 0 = -6*l + 6. What is the tens digit of 3/(12/118) + l/(-2)?
2
Suppose -d = 2*d - 18. Suppose -d*h + 356 + 100 = 0. What is the tens digit of h?
7
Suppose -42 + 9 = 3*i. Let f(b) = -3*b**2 + 4*b**2 - 3 + 9*b + 3 + 14. What is the units digit of f(i)?
6
Suppose -1655*m + 1643*m = -19068. What is the thousands digit of m?
1
Let q(b) = -32*b - 4. Let g = -13 - -11. What is the tens digit of q(g)?
6
Suppose -4*g + 670 = 3*r, 0*r - 5*r = 10. What is the hundreds digit of g?
1
Suppose -2*r = 5*x - 8930, 0 = 4*x - r + 1892 - 9023. W